{"id":1115,"date":"2016-11-06T08:44:56","date_gmt":"2016-11-06T06:44:56","guid":{"rendered":"http:\/\/www.goldstadt-autoren.de\/?page_id=1115"},"modified":"2024-09-08T15:20:23","modified_gmt":"2024-09-08T13:20:23","slug":"helga-pendelin","status":"publish","type":"page","link":"https:\/\/www.goldstadt-autoren.de\/?page_id=1115","title":{"rendered":"Helga Pendelin"},"content":{"rendered":"<p style=\"text-align: justify;\"><a href=\"https:\/\/www.goldstadt-autoren.de\/wp-content\/uploads\/2017\/07\/Pendelin_H_GA.jpg\"><img loading=\"lazy\" decoding=\"async\" class=\"alignleft wp-image-1482 size-full\" src=\"https:\/\/www.goldstadt-autoren.de\/wp-content\/uploads\/2017\/07\/Pendelin_H_GA.jpg\" alt=\"Pendelin_H_GA\" width=\"100\" height=\"150\" \/><\/a>Geboren 1957 in Mecklenburg-Vorpommern, erlernte sie einen hand-werklichen Beruf und schloss ein Fachschulstudium f\u00fcr angewandte Kunst ab. Heute lebt sie in Pforzheim und arbeitet im sozialen Bereich.<br \/>\nDieser Beruf hat sie zum Schreiben motiviert. Vorwiegend sind es Kurzgeschichten aus dem allt\u00e4glichen Leben.<\/p>\n<p>&nbsp;<\/p>\n<h3>Ver\u00f6ffentlichung:<\/h3>\n<p style=\"text-align: left;\"><strong><em><a href=\"https:\/\/www.goldstadt-autoren.de\/wp-content\/uploads\/2019\/01\/Cover_INDS_kl.jpg\"><img loading=\"lazy\" decoding=\"async\" class=\"alignleft size-full wp-image-2099\" src=\"https:\/\/www.goldstadt-autoren.de\/wp-content\/uploads\/2019\/01\/Cover_INDS_kl.jpg\" alt=\"\" width=\"127\" height=\"200\" \/><\/a>Die Kronen der Macht<br \/>\n<\/em><\/strong>Science-Fiction-Kurzgeschichte in: \u201eIm Norden des S\u00fcdens\u201c (Anthologie)<\/p>\n<p>Hrsg. Goldstadt-Autoren e. V.<br \/>\nBoD \u2013 Books on Demand, Norderstedt 2019<br \/>\nISBN 978-3-7481-4134-1<br \/>\nTaschenbuch, 192 Seiten, 8,00 EUR<\/p>\n<p><em><strong>M\u00e4rchen, Mord und mehr aus Pforzheim und Umgebung.<\/strong><br \/>\n<\/em><em>Zum f\u00fcnfj\u00e4hrigen Vereinsjubil\u00e4um setzen sich 17 Autorinnen und Autoren mit der Region auseinander, in der sie leben. In spannenden, bissigen, tiefgr\u00fcndigen oder humorvollen Geschichten und Gedichten gibt es f\u00fcr Alteingesessene und Reingeschmeckte gleicherma\u00dfen viel zu entdecken.<\/p>\n<p><\/em><\/p>\n<h3>Mehr Informationen:<\/h3>\n<p>E-Mail: post@goldstadt-autoren.de<br \/>\n(wird an die Autorin weitergeleitet)<\/p>\n","protected":false},"excerpt":{"rendered":"<p>Geboren 1957 in Mecklenburg-Vorpommern, erlernte sie einen hand-werklichen Beruf und schloss ein Fachschulstudium f\u00fcr angewandte Kunst ab. Heute lebt sie in Pforzheim und arbeitet im sozialen Bereich. Dieser Beruf hat sie zum Schreiben motiviert. Vorwiegend sind es Kurzgeschichten aus dem allt\u00e4glichen Leben. &nbsp; Ver\u00f6ffentlichung: Die Kronen der Macht Science-Fiction-Kurzgeschichte in: \u201eIm Norden des S\u00fcdens\u201c (Anthologie) &hellip; <a href=\"https:\/\/www.goldstadt-autoren.de\/?page_id=1115\" class=\"more-link\"><span class=\"screen-reader-text\">Helga Pendelin<\/span> weiterlesen <span class=\"meta-nav\">&rarr;<\/span><\/a><\/p>\n","protected":false},"author":2,"featured_media":0,"parent":26,"menu_order":50,"comment_status":"closed","ping_status":"closed","template":"","meta":{"footnotes":""},"class_list":["post-1115","page","type-page","status-publish","hentry"],"_links":{"self":[{"href":"https:\/\/www.goldstadt-autoren.de\/index.php?rest_route=\/wp\/v2\/pages\/1115"}],"collection":[{"href":"https:\/\/www.goldstadt-autoren.de\/index.php?rest_route=\/wp\/v2\/pages"}],"about":[{"href":"https:\/\/www.goldstadt-autoren.de\/index.php?rest_route=\/wp\/v2\/types\/page"}],"author":[{"embeddable":true,"href":"https:\/\/www.goldstadt-autoren.de\/index.php?rest_route=\/wp\/v2\/users\/2"}],"replies":[{"embeddable":true,"href":"https:\/\/www.goldstadt-autoren.de\/index.php?rest_route=%2Fwp%2Fv2%2Fcomments&post=1115"}],"version-history":[{"count":10,"href":"https:\/\/www.goldstadt-autoren.de\/index.php?rest_route=\/wp\/v2\/pages\/1115\/revisions"}],"predecessor-version":[{"id":4079,"href":"https:\/\/www.goldstadt-autoren.de\/index.php?rest_route=\/wp\/v2\/pages\/1115\/revisions\/4079"}],"up":[{"embeddable":true,"href":"https:\/\/www.goldstadt-autoren.de\/index.php?rest_route=\/wp\/v2\/pages\/26"}],"wp:attachment":[{"href":"https:\/\/www.goldstadt-autoren.de\/index.php?rest_route=%2Fwp%2Fv2%2Fmedia&parent=1115"}],"curies":[{"name":"wp","href":"https:\/\/api.w.org\/{rel}","templated":true}]}}