{"id":12,"date":"2014-05-09T12:53:17","date_gmt":"2014-05-09T10:53:17","guid":{"rendered":"http:\/\/www.goldstadt-autoren.de\/Goldstadt\/?page_id=12"},"modified":"2026-03-09T13:04:24","modified_gmt":"2026-03-09T11:04:24","slug":"kontakt","status":"publish","type":"page","link":"https:\/\/www.goldstadt-autoren.de\/?page_id=12","title":{"rendered":"Kontakt"},"content":{"rendered":"<p><strong>Kontaktadresse<\/strong><\/p>\n<p>Goldstadt Autoren e. V.<br \/>\nc\/o Ursula Gassler<br \/>\nHebelstra\u00dfe 8<br \/>\n75203 K\u00f6nigsbach-Stein<br \/>\nTelefon 07232 96 29<br \/>\nE-Mail: post@goldstadt-autoren.de<br \/>\nInternet: www.goldstadt-autoren.de<\/p>\n<p><strong>Kontaktpersonen<\/strong><\/p>\n<p><em>1. Vorstand:<\/em><br \/>\nPaul Gassler, Hebelstra\u00dfe 8, 75203 K\u00f6nigsbach-Stein<br \/>\nTelefon 07232 96 29<br \/>\nE-Mail: vorstand1@goldstadt-autoren.de<\/p>\n<p><em>2. Vorstand:<\/em><br \/>\nNorbert Weimper, M\u00fchlacker<br \/>\nE-Mail: vorstand2@goldstadt-autoren.de<\/p>\n<p><em>Autorencoach:<\/em><br \/>\nUrsula Gassler, Hebelstra\u00dfe 8, 75203 K\u00f6nigsbach-Stein<br \/>\nTelefon 07232 96 29<br \/>\nE-Mail: post@goldstadt-autoren.de<\/p>\n<p><em>Schatzmeister:<\/em><br \/>\nRobert Geller, Ispringen<br \/>\nE-Mail: kasse@goldstadt-autoren.de<\/p>\n<p><strong>Die Verwendung der E-Mail-Adressen und Telefonnummern f\u00fcr Produktwerbungen und Angebote ist nicht erw\u00fcnscht und wird bei Missachtung zur Anzeige gebracht!<\/strong><\/p>\n","protected":false},"excerpt":{"rendered":"<p>Kontaktadresse Goldstadt Autoren e. V. c\/o Ursula Gassler Hebelstra\u00dfe 8 75203 K\u00f6nigsbach-Stein Telefon 07232 96 29 E-Mail: post@goldstadt-autoren.de Internet: www.goldstadt-autoren.de Kontaktpersonen 1. Vorstand: Paul Gassler, Hebelstra\u00dfe 8, 75203 K\u00f6nigsbach-Stein Telefon 07232 96 29 E-Mail: vorstand1@goldstadt-autoren.de 2. Vorstand: Norbert Weimper, M\u00fchlacker E-Mail: vorstand2@goldstadt-autoren.de Autorencoach: Ursula Gassler, Hebelstra\u00dfe 8, 75203 K\u00f6nigsbach-Stein Telefon 07232 96 29 E-Mail: post@goldstadt-autoren.de &hellip; <a href=\"https:\/\/www.goldstadt-autoren.de\/?page_id=12\" class=\"more-link\"><span class=\"screen-reader-text\">Kontakt<\/span> weiterlesen <span class=\"meta-nav\">&rarr;<\/span><\/a><\/p>\n","protected":false},"author":2,"featured_media":0,"parent":0,"menu_order":60,"comment_status":"closed","ping_status":"closed","template":"","meta":{"footnotes":""},"class_list":["post-12","page","type-page","status-publish","hentry"],"_links":{"self":[{"href":"https:\/\/www.goldstadt-autoren.de\/index.php?rest_route=\/wp\/v2\/pages\/12"}],"collection":[{"href":"https:\/\/www.goldstadt-autoren.de\/index.php?rest_route=\/wp\/v2\/pages"}],"about":[{"href":"https:\/\/www.goldstadt-autoren.de\/index.php?rest_route=\/wp\/v2\/types\/page"}],"author":[{"embeddable":true,"href":"https:\/\/www.goldstadt-autoren.de\/index.php?rest_route=\/wp\/v2\/users\/2"}],"replies":[{"embeddable":true,"href":"https:\/\/www.goldstadt-autoren.de\/index.php?rest_route=%2Fwp%2Fv2%2Fcomments&post=12"}],"version-history":[{"count":17,"href":"https:\/\/www.goldstadt-autoren.de\/index.php?rest_route=\/wp\/v2\/pages\/12\/revisions"}],"predecessor-version":[{"id":4527,"href":"https:\/\/www.goldstadt-autoren.de\/index.php?rest_route=\/wp\/v2\/pages\/12\/revisions\/4527"}],"wp:attachment":[{"href":"https:\/\/www.goldstadt-autoren.de\/index.php?rest_route=%2Fwp%2Fv2%2Fmedia&parent=12"}],"curies":[{"name":"wp","href":"https:\/\/api.w.org\/{rel}","templated":true}]}}