{"id":1435,"date":"2017-06-13T06:04:36","date_gmt":"2017-06-13T04:04:36","guid":{"rendered":"http:\/\/www.goldstadt-autoren.de\/?page_id=1435"},"modified":"2024-09-08T16:48:26","modified_gmt":"2024-09-08T14:48:26","slug":"tobias-hartmann","status":"publish","type":"page","link":"https:\/\/www.goldstadt-autoren.de\/?page_id=1435","title":{"rendered":"Tobias Hartmann"},"content":{"rendered":"<p><a href=\"https:\/\/www.goldstadt-autoren.de\/wp-content\/uploads\/2017\/06\/Hartmann-T_GA.jpg\"><img loading=\"lazy\" decoding=\"async\" class=\"alignleft wp-image-1454 size-full\" src=\"https:\/\/www.goldstadt-autoren.de\/wp-content\/uploads\/2017\/06\/Hartmann-T_GA.jpg\" alt=\"Hartmann-T_GA\" width=\"100\" height=\"150\" \/><\/a>Geboren am 18. Mai 1985 in Pforzheim, erlangte er sein Abitur am \u00f6rtlichen Theodor-Heuss-Gymnasium. Ein Impulsvortrag der Bundesagentur f\u00fcr Arbeit veranlasste ihn daraufhin zu einer Ausbildung bei der Sparkasse Pforzheim Calw, wo er noch heute hauptberuflich als Bankbetriebswirt angestellt ist.<br \/>\nDie gro\u00dfe fantastische Welt der B\u00fccher faszinierte den in Keltern lebenden Autor schon in Kindestagen. Wenn auch alles mit Kriminalromanen und Detektivgeschichten seinen Anfang nahm, wurde gleichzeitig ein stetig wachsendes Interesse f\u00fcr das Fantasy-Genre geweckt. Die damit einhergehenden kreativen Freiheiten reizten ihn so sehr, dass er sich im Jahr 2010 das Ziel setzte, selbst einen Fantasy-Roman zu schreiben. Heraus kam das Erstlingswerk &#8222;Die Maskerade der Schlange&#8220;, der Einstieg in die &#8222;Tyrannei der Teufel&#8220;-Reihe, in der die Geschichte des Drachenj\u00e4gers Richard erz\u00e4hlt wird.<\/p>\n<h3>Ver\u00f6ffentlichungen:<\/h3>\n<p><a href=\"https:\/\/www.goldstadt-autoren.de\/wp-content\/uploads\/2022\/03\/Cover_Im-Dienste-der-Gerechtigkeit.jpg\"><img loading=\"lazy\" decoding=\"async\" class=\"alignleft size-full wp-image-3150\" src=\"https:\/\/www.goldstadt-autoren.de\/wp-content\/uploads\/2022\/03\/Cover_Im-Dienste-der-Gerechtigkeit.jpg\" alt=\"\" width=\"140\" height=\"200\" \/><\/a><em><strong>IM DIENSTE DER GERECHTIGKEIT<\/strong><\/em><br \/>\nDie humorvolle Krimisoap aus Pforzheim<\/p>\n<p>J. S. Klotz Verlagshaus, Neulingen 2022<br \/>\nISBN 978-3-948968-28-1<br \/>\nSoftcover, 176 Seiten, 16,50 EUR<\/p>\n<p><em>Was haben ein gestohlenes Sandwich, eine verschwundene Kaffeekasse und ein Brandfleck im Hemd mit den kniffligsten Kriminalf\u00e4llen Pforzheims zu tun? Richtig: Absolut gar nichts! Und doch sorgen auch diese vermeintlichen Banalit\u00e4ten bei den Pforzheimer Kriminalpolizisten Hesse und Franke f\u00fcr einige graue Haare. Seien Sie dabei, wenn sich das ungleiche Ermittlerduo mit einer geh\u00f6rigen Portion Sarkasmus auf mehr oder weniger unkonventionelle Art durch ihre nicht immer ganz ernst gemeinten F\u00e4lle boxt.<\/em><\/p>\n<p><em><a href=\"https:\/\/www.goldstadt-autoren.de\/wp-content\/uploads\/2017\/06\/Cover_Tyrannei_GA.jpg\"><img loading=\"lazy\" decoding=\"async\" class=\"alignleft wp-image-1455 size-full\" src=\"https:\/\/www.goldstadt-autoren.de\/wp-content\/uploads\/2017\/06\/Cover_Tyrannei_GA.jpg\" alt=\"Cover_Tyrannei_GA\" width=\"141\" height=\"200\" \/><\/a><strong>TYRANNEI DER TEUFEL<br \/>\n<\/strong><\/em>Band 1: Die Maskerade der Schlange<br \/>\nFantasy-Roman<\/p>\n<p>Persimplex Verlag, Schwerin 2016<br \/>\nISBN 978-3-86440-228-9<br \/>\nHardcover, 342 Seiten, 18,60 EUR<br \/>\nauch als E-Book, 4,65 EUR<\/p>\n<p><em>Bei dem Versuch, eine entlegene Bergarbeiterstadt aus den unheilvollen F\u00e4ngen grausamer Drachen zu befreien, ger\u00e4t der Drachenj\u00e4ger Richard ungewollt zwischen die schattenhaften Fronten geheimer Allianzen. Doch nicht nur der verschwimmende \u00dcbergang zwischen Wahrheit und L\u00fcge oder die Enth\u00fcllungen \u00fcber nicht f\u00fcr m\u00f6glich gehaltene Hexerei lassen seinen Auftrag immer sonderbarer anmuten: Was haben die Vorg\u00e4nge, die er am Ende der Welt aufzukl\u00e4ren gedenkt, mit einem schwerwiegenden Vorfall von vor zehn Jahren zu tun, der nicht nur sein eigenes Schicksal, sondern auch das des gesamten K\u00f6nigreiches einschneidend pr\u00e4gte?<\/em><\/p>\n<p><em><strong><a href=\"https:\/\/www.goldstadt-autoren.de\/wp-content\/uploads\/2019\/01\/Cover_INDS_kl.jpg\"><img loading=\"lazy\" decoding=\"async\" class=\"alignleft size-full wp-image-2099\" src=\"https:\/\/www.goldstadt-autoren.de\/wp-content\/uploads\/2019\/01\/Cover_INDS_kl.jpg\" alt=\"\" width=\"127\" height=\"200\" \/><\/a>D<\/strong><strong>ie Tote in der Enz<br \/>\n<\/strong><\/em>Kurzkrimi in: \u201eIm Norden des S\u00fcdens\u201c (Anthologie)<\/p>\n<p>Hrsg. Goldstadt-Autoren e. V.<br \/>\nBoD \u2013 Books on Demand, Norderstedt 2019<br \/>\nISBN 978-3-7481-4134-1<br \/>\nTaschenbuch, 192 Seiten, 8,00 EUR<\/p>\n<p><strong><em>M\u00e4rchen, Mord und mehr aus Pforzheim und Umgebung.<\/em><\/strong><br \/>\n<em>Zum f\u00fcnfj\u00e4hrigen Vereinsjubil\u00e4um setzen sich 17 Autorinnen und Autoren mit der Region auseinander, in der sie leben. In spannenden, bissigen, tiefgr\u00fcndigen oder humorvollen Geschichten und Gedichten gibt es f\u00fcr Alteingesessene und Reingeschmeckte gleicherma\u00dfen viel zu entdecken.<\/em><\/p>\n<h3>Mehr Informationen:<\/h3>\n<p>E-Mail: t-d-h@gmx.de<br \/>\nInternet: <a href=\"http:\/\/www.thetobiashartmannwritingblog.com\" target=\"_blank\" rel=\"noopener\">www.thetobiashartmannwritingblog.com<\/a><\/p>\n","protected":false},"excerpt":{"rendered":"<p>Geboren am 18. Mai 1985 in Pforzheim, erlangte er sein Abitur am \u00f6rtlichen Theodor-Heuss-Gymnasium. Ein Impulsvortrag der Bundesagentur f\u00fcr Arbeit veranlasste ihn daraufhin zu einer Ausbildung bei der Sparkasse Pforzheim Calw, wo er noch heute hauptberuflich als Bankbetriebswirt angestellt ist. Die gro\u00dfe fantastische Welt der B\u00fccher faszinierte den in Keltern lebenden Autor schon in Kindestagen. &hellip; <a href=\"https:\/\/www.goldstadt-autoren.de\/?page_id=1435\" class=\"more-link\"><span class=\"screen-reader-text\">Tobias Hartmann<\/span> weiterlesen <span class=\"meta-nav\">&rarr;<\/span><\/a><\/p>\n","protected":false},"author":2,"featured_media":0,"parent":26,"menu_order":24,"comment_status":"closed","ping_status":"closed","template":"","meta":{"footnotes":""},"class_list":["post-1435","page","type-page","status-publish","hentry"],"_links":{"self":[{"href":"https:\/\/www.goldstadt-autoren.de\/index.php?rest_route=\/wp\/v2\/pages\/1435"}],"collection":[{"href":"https:\/\/www.goldstadt-autoren.de\/index.php?rest_route=\/wp\/v2\/pages"}],"about":[{"href":"https:\/\/www.goldstadt-autoren.de\/index.php?rest_route=\/wp\/v2\/types\/page"}],"author":[{"embeddable":true,"href":"https:\/\/www.goldstadt-autoren.de\/index.php?rest_route=\/wp\/v2\/users\/2"}],"replies":[{"embeddable":true,"href":"https:\/\/www.goldstadt-autoren.de\/index.php?rest_route=%2Fwp%2Fv2%2Fcomments&post=1435"}],"version-history":[{"count":13,"href":"https:\/\/www.goldstadt-autoren.de\/index.php?rest_route=\/wp\/v2\/pages\/1435\/revisions"}],"predecessor-version":[{"id":4106,"href":"https:\/\/www.goldstadt-autoren.de\/index.php?rest_route=\/wp\/v2\/pages\/1435\/revisions\/4106"}],"up":[{"embeddable":true,"href":"https:\/\/www.goldstadt-autoren.de\/index.php?rest_route=\/wp\/v2\/pages\/26"}],"wp:attachment":[{"href":"https:\/\/www.goldstadt-autoren.de\/index.php?rest_route=%2Fwp%2Fv2%2Fmedia&parent=1435"}],"curies":[{"name":"wp","href":"https:\/\/api.w.org\/{rel}","templated":true}]}}