{"id":2057,"date":"2018-12-11T19:53:49","date_gmt":"2018-12-11T17:53:49","guid":{"rendered":"https:\/\/www.goldstadt-autoren.de\/?page_id=2057"},"modified":"2024-09-08T15:41:01","modified_gmt":"2024-09-08T13:41:01","slug":"heiko-ullrich","status":"publish","type":"page","link":"https:\/\/www.goldstadt-autoren.de\/?page_id=2057","title":{"rendered":"Dr. Heiko Ullrich"},"content":{"rendered":"<p><a href=\"https:\/\/www.goldstadt-autoren.de\/wp-content\/uploads\/2018\/12\/Ullrich_H_GA.jpg\"><img loading=\"lazy\" decoding=\"async\" class=\"alignleft size-full wp-image-2061\" src=\"https:\/\/www.goldstadt-autoren.de\/wp-content\/uploads\/2018\/12\/Ullrich_H_GA.jpg\" alt=\"\" width=\"100\" height=\"150\" \/><\/a>Geboren am 06.06.1983 in Heidelberg, lebt und arbeitet er in Bruchsal. Studium der Germanistik und Klassischen Philologie sowie Promotion an der Universit\u00e4t Heidelberg, zahlreiche Aufs\u00e4tze zur germanistischen Literaturwissenschaft und Didaktik in Zeitschriften und Sammelb\u00e4nden, Herausgeberschaft einer Edition und eines Sammelbandes.<br \/><span style=\"color: #999999;\"><br \/><\/span><\/p>\n<p>&nbsp;<\/p>\n<h3>Ver\u00f6ffentlichungen:<\/h3>\n<p><em><strong><a href=\"https:\/\/www.goldstadt-autoren.de\/wp-content\/uploads\/2018\/12\/Cover_SeptemScalae_GA.jpg\"><img loading=\"lazy\" decoding=\"async\" class=\"alignleft size-full wp-image-2066\" src=\"https:\/\/www.goldstadt-autoren.de\/wp-content\/uploads\/2018\/12\/Cover_SeptemScalae_GA.jpg\" alt=\"\" width=\"129\" height=\"200\" \/><\/a>SEPTEM SCALAE<\/strong><\/em><br \/>Historischer Roman<\/p>\n<p>Manuela Kinzel Verlag, G\u00f6ppingen 2018<br \/>ISBN 978-3-95544-111-1<br \/>Softcover, 274 Seiten, 16,00 EUR<\/p>\n<p><em>Aus seinem Raum und seiner Zeit f\u00e4llt Daniel Hartmann bereits, als er sich ganz gegen seine Gewohnheiten auf den seltsamen Pakt einl\u00e4sst, den eine geheimnisvolle Parf\u00fcmeurin ihm anbietet. Noch kann er die Konsequenzen seines Handelns nicht ermessen: Aus der Heimat zieht es ihn hinaus aufs Meer und in die unbekannte Ferne; es locken die D\u00fcfte der beiden Indien. Doch so weit er auch gelangt, stets bleibt er ein auch sich selbst Fremder, und w\u00e4hrend seine Welt nach und nach ins Wanken ger\u00e4t, bis er Wahn und Wirklichkeit kaum noch zu trennen vermag, spielt eine Zeit ersch\u00fctternder Umbr\u00fcche der Menschheit zum Tanz auf: zu einem Tanz auf der immer schmaler werdenden Grenze zwischen dem Dahind\u00e4mmern in schlafwandlerischer Zuversicht und dem t\u00f6dlichen Blick in das glei\u00dfende Licht einer alle Winkel der Seele ausleuchtenden Sonne.<\/em><\/p>\n<p><em><strong><a href=\"https:\/\/www.goldstadt-autoren.de\/wp-content\/uploads\/2019\/08\/Cover_Abenteuer-der-kleinen-Giraffe_GA.jpg\"><img loading=\"lazy\" decoding=\"async\" class=\"alignleft size-full wp-image-2358\" src=\"https:\/\/www.goldstadt-autoren.de\/wp-content\/uploads\/2019\/08\/Cover_Abenteuer-der-kleinen-Giraffe_GA.jpg\" alt=\"\" width=\"131\" height=\"200\" \/><\/a>DIE GROSSEN ABENTEUER DER KLEINEN GIRAFFE<\/strong><\/em><br \/>Kinderbuch<\/p>\n<p>Papierfresserchens MTM-Verlag, Langenargen 2019<br \/>ISBN 978-3-86196-884-9<br \/>Taschenbuch, 50 Seiten, 9,20 EUR<\/p>\n<p><em>Als die kleine Giraffe eines Morgens erwacht, sind ihre Mutter und die ganze Giraffenherde scheinbar spurlos verschwunden. Verzweifelt macht sie sich auf die Suche, unterst\u00fctzt von einer alten, weisen Schildkr\u00f6te, einem neugierigen, vorlauten Erdm\u00e4nnchen sowie einer stets h\u00f6flichen und etwas \u00e4ngstlichen M\u00f6we. Doch nachdem die Giraffenherde endlich aufgesp\u00fcrt ist, wartet die gr\u00f6\u00dfte Herausforderung auf die vier Freunde &#8230;<\/em><\/p>\n<p><strong><em><a href=\"https:\/\/www.goldstadt-autoren.de\/wp-content\/uploads\/2024\/01\/Anthologie_Cover_VBZB_GA.jpg\"><img loading=\"lazy\" decoding=\"async\" class=\"alignleft size-full wp-image-3774\" src=\"https:\/\/www.goldstadt-autoren.de\/wp-content\/uploads\/2024\/01\/Anthologie_Cover_VBZB_GA.jpg\" alt=\"\" width=\"127\" height=\"200\" \/><\/a>Pontifex maximus<\/em><\/strong><br \/>Satirische Lyrik mit Handlungsort Fischersteg<br \/>und<br \/><strong><em>Quattro stagioni<\/em><\/strong><br \/>Satirische Lyrik mit Handlungsort Steubensteg<br \/>in: VON BR\u00dcCKE ZU BR\u00dcCKE (Anthologie)<\/p>\n<p>Hrsg. Goldstadt-Autoren e. V.<br \/>BoD \u2013 Books on Demand, Norderstedt 2024<br \/>ISBN 978-3-7578-8671-4<br \/>Taschenbuch, 272 Seiten, 13,50 EUR; 8,99 EUR als E-Book<\/p>\n<p><strong><em>Auf, unter und neben den Br\u00fccken Pforzheims<br \/><\/em><\/strong><em>Br\u00fccken verbinden Menschen, sind Orte von Erinnerungen, dienen als Verstecke oder werden zu Tatorten. Die Goldstadt Pforzheim nennt mehr als f\u00fcnfzig Fluss-, Stra\u00dfen- und Bahngleis\u00fcberquerungen ihr Eigen.<br \/>Zweiundzwanzig dieser Br\u00fccken und Stege dienen als Inspiration f\u00fcr humorige bis nachdenkliche, fantastische bis lebensnahe Geschichten und Gedichte. Mit ihnen feiern die Mitglieder des Goldstadt-Autoren e.\u00a0V. das <strong>10-j\u00e4hrige Vereinsbestehen <\/strong>und ihre Verbundenheit mit der Stadt, die auch als \u201ePforte zum Schwarzwald\u201c bezeichnet wird.<br \/><br \/><\/em><\/p>\n<h3>Weitere Ver\u00f6ffentlichungen:<\/h3>\n<p>Kurzgeschichte <strong><em>Skizze vom San Bernadino<\/em><\/strong> in: \u201eUn amore italiano \u2013 Kennst du das Land, wo die Zitronen bl\u00fchn?\u201c, Hrsg. Martina Meier, Herzsprung-Verlag, Langenargen 2021, S. 111-113, ISBN 978-3-99051-034-6.<br \/>Kurzgeschichte <strong><em>Stillstand und Bewegung<\/em><\/strong> in: \u201eAm Erker 81 \u2013 Mit verbundenen Augen\u201c, Zeitschrift f\u00fcr Literatur, Redaktion Joachim Feldmann, Daedalus Verlag M\u00fcnster, Oktober 2021, S. 82-83, ISBN 978-3-89126-281-8.<br \/>Verssatire <em><strong>Sigmunds Sud<\/strong><\/em> in: \u201eAm Erker 79 &#8211; Aufb\u00e4umen oder Aufforsten?\u201c, Zeitschrift f\u00fcr Literatur, Redaktion Andreas Heckmann, Daedalus Verlag, M\u00fcnster, Oktober 2020, S. 29-31, ISBN 978-3-89126-179-8.<br \/>Kurzgeschichte <em><strong>Der Stinkstiefel<\/strong><\/em> in: \u201eHast du den Mut gesehen? Das Mutmacherbuch\u201c, Hg. Martina Meier,\u00a0Papierfresserchens MTM-Verlag, Langenargen 2019, S. 40-43, ISBN 978-3-86196-871-9.<br \/>Kurzprosa <em><strong>Der Objektsgenitiv<\/strong><\/em> in: \u201eAm Erker 76 \u2013 Vergessen und verkannt\u201c, Zeitschrift f\u00fcr Literatur, Redaktion Gerald Funk, Daedalus Verlag, M\u00fcnster, Dezember 2018, S. 51-54, ISBN 978-3-89126-276-4.<br \/><br \/><\/p>\n<h3>Mehr Informationen:<\/h3>\n<p>E-Mail: heiko.f.ullrich@web.de<\/p>\n\n\n<p><\/p>\n","protected":false},"excerpt":{"rendered":"<p>Geboren am 06.06.1983 in Heidelberg, lebt und arbeitet er in Bruchsal. Studium der Germanistik und Klassischen Philologie sowie Promotion an der Universit\u00e4t Heidelberg, zahlreiche Aufs\u00e4tze zur germanistischen Literaturwissenschaft und Didaktik in Zeitschriften und Sammelb\u00e4nden, Herausgeberschaft einer Edition und eines Sammelbandes. &nbsp; Ver\u00f6ffentlichungen: SEPTEM SCALAEHistorischer Roman Manuela Kinzel Verlag, G\u00f6ppingen 2018ISBN 978-3-95544-111-1Softcover, 274 Seiten, 16,00 EUR &hellip; <a href=\"https:\/\/www.goldstadt-autoren.de\/?page_id=2057\" class=\"more-link\"><span class=\"screen-reader-text\">Dr. Heiko Ullrich<\/span> weiterlesen <span class=\"meta-nav\">&rarr;<\/span><\/a><\/p>\n","protected":false},"author":2,"featured_media":0,"parent":26,"menu_order":54,"comment_status":"closed","ping_status":"closed","template":"","meta":{"footnotes":""},"class_list":["post-2057","page","type-page","status-publish","hentry"],"_links":{"self":[{"href":"https:\/\/www.goldstadt-autoren.de\/index.php?rest_route=\/wp\/v2\/pages\/2057"}],"collection":[{"href":"https:\/\/www.goldstadt-autoren.de\/index.php?rest_route=\/wp\/v2\/pages"}],"about":[{"href":"https:\/\/www.goldstadt-autoren.de\/index.php?rest_route=\/wp\/v2\/types\/page"}],"author":[{"embeddable":true,"href":"https:\/\/www.goldstadt-autoren.de\/index.php?rest_route=\/wp\/v2\/users\/2"}],"replies":[{"embeddable":true,"href":"https:\/\/www.goldstadt-autoren.de\/index.php?rest_route=%2Fwp%2Fv2%2Fcomments&post=2057"}],"version-history":[{"count":13,"href":"https:\/\/www.goldstadt-autoren.de\/index.php?rest_route=\/wp\/v2\/pages\/2057\/revisions"}],"predecessor-version":[{"id":4083,"href":"https:\/\/www.goldstadt-autoren.de\/index.php?rest_route=\/wp\/v2\/pages\/2057\/revisions\/4083"}],"up":[{"embeddable":true,"href":"https:\/\/www.goldstadt-autoren.de\/index.php?rest_route=\/wp\/v2\/pages\/26"}],"wp:attachment":[{"href":"https:\/\/www.goldstadt-autoren.de\/index.php?rest_route=%2Fwp%2Fv2%2Fmedia&parent=2057"}],"curies":[{"name":"wp","href":"https:\/\/api.w.org\/{rel}","templated":true}]}}