{"id":2542,"date":"2020-02-05T10:29:56","date_gmt":"2020-02-05T08:29:56","guid":{"rendered":"https:\/\/www.goldstadt-autoren.de\/?page_id=2542"},"modified":"2024-09-07T17:09:39","modified_gmt":"2024-09-07T15:09:39","slug":"ali-hafez","status":"publish","type":"page","link":"https:\/\/www.goldstadt-autoren.de\/?page_id=2542","title":{"rendered":"Dr. Ali Hafez"},"content":{"rendered":"<p><a href=\"https:\/\/www.goldstadt-autoren.de\/wp-content\/uploads\/2020\/11\/Hafez_A_GA.jpg\"><img loading=\"lazy\" decoding=\"async\" class=\"alignleft size-full wp-image-2775\" src=\"https:\/\/www.goldstadt-autoren.de\/wp-content\/uploads\/2020\/11\/Hafez_A_GA.jpg\" alt=\"\" width=\"100\" height=\"150\" \/><\/a>Schriftsteller, Forscher, Journalist, \u00dcbersetzer und Dokumentarfilmer. Geboren in Aleppo, Syrien, seit Ende 2015 in Deutschland ans\u00e4ssig.<br \/>\nEr hat einen Master in internationalem Journalismus sowie einen Doktortitel in Sprachwissenschaften und Literatur der Russischen F\u00f6deration. Ehemaliger Lehrer an der Fakult\u00e4t f\u00fcr Literatur und Journalismus der Staatlichen Universit\u00e4t Rostow und der Rostower Akademie der Wirtschaftswissenschaften. Ehemaliger Schriftsteller und Korrespondent der Zeitung \u201eSovetskaya Russia\u201c (Sowjetrussland).\u00a0Er ist einer der Gr\u00fcnder und Autoren der Zeitung \u201eFreies Syrien\u201c (2012-2013) und war Managing Editor von \u201eDer Spiegel\u201c (2014-2015).\u00a0Drehbuch und Regie der beiden Dokumentarfilme: \u201eS\u00f6hne der Erde \u2026\u201c (2013) in zwei Teilen und \u201eRatyan \u2026 Die Rache der Oliven\u201c (2015) in zwei Teilen. Von ihm wurde eine Vielzahl von Artikeln und Forschungsergebnissen in Zeitungen, Magazinen, Websites und Studienzentren ver\u00f6ffentlicht.<br \/>\nSeit 2019 ist er Mitglied des Goldstadt-Autoren e. V.<\/p>\n<h3>Ver\u00f6ffentlichungen:<\/h3>\n<p><em>KONZERT DES WINDES,<\/em> Gedichtsammlung, Mosaique Verlag f\u00fcr Studien und Verlagswesen, Istanbul 2020.<br \/>\nVorbereitung und \u00dcbersetzung des Buches \u201eDer Zustand der Dunkelheit (Vom Schah bis Khomeini)\u201c, Teil 1. Mosaique Verlag f\u00fcr Studien und Verlagswesen, Istanbul 2020.<br \/>\n\u00dcbersetzung des Romans \u201eJamila\u201c, Dschingis Aitmatov, Mosaique Verlag f\u00fcr Studien und Verlagswesen, Istanbul 2019.<br \/>\n\u00dcbersetzung des Romans \u201eGesicht zu Gesicht\u201c, Dschingis Aitmatov, Mosaique Verlag f\u00fcr Studien und Verlagswesen, Istanbul 2019.<br \/>\nVorbereitung und \u00dcbersetzung des Buches \u201eSand und Schnee \u2013 Russische Gedichte \u00fcber Algerien&#8220;, Al-Bayt-Verein f\u00fcr Kultur und Kunst, Algerien 2009.<br \/>\nDrei Gedichtsammlungen in russischer Sprache: \u201e250 Jahre seit der Geburt meiner geliebten Stadt\u201c (1998), \u201eIch wei\u00df, was Liebe ist\u201c (2000) und \u201ePal\u00e4stina mit Blut\u201c (2001).<\/p>\n<h3>Mehr Informationen:<\/h3>\n<p>E-Mail: post@goldstadt-autoren.de<br \/>\n(wird an den Autor weitergeleitet)<\/p>\n","protected":false},"excerpt":{"rendered":"<p>Schriftsteller, Forscher, Journalist, \u00dcbersetzer und Dokumentarfilmer. Geboren in Aleppo, Syrien, seit Ende 2015 in Deutschland ans\u00e4ssig. Er hat einen Master in internationalem Journalismus sowie einen Doktortitel in Sprachwissenschaften und Literatur der Russischen F\u00f6deration. Ehemaliger Lehrer an der Fakult\u00e4t f\u00fcr Literatur und Journalismus der Staatlichen Universit\u00e4t Rostow und der Rostower Akademie der Wirtschaftswissenschaften. Ehemaliger Schriftsteller und &hellip; <a href=\"https:\/\/www.goldstadt-autoren.de\/?page_id=2542\" class=\"more-link\"><span class=\"screen-reader-text\">Dr. Ali Hafez<\/span> weiterlesen <span class=\"meta-nav\">&rarr;<\/span><\/a><\/p>\n","protected":false},"author":2,"featured_media":0,"parent":26,"menu_order":23,"comment_status":"closed","ping_status":"closed","template":"","meta":{"footnotes":""},"class_list":["post-2542","page","type-page","status-publish","hentry"],"_links":{"self":[{"href":"https:\/\/www.goldstadt-autoren.de\/index.php?rest_route=\/wp\/v2\/pages\/2542"}],"collection":[{"href":"https:\/\/www.goldstadt-autoren.de\/index.php?rest_route=\/wp\/v2\/pages"}],"about":[{"href":"https:\/\/www.goldstadt-autoren.de\/index.php?rest_route=\/wp\/v2\/types\/page"}],"author":[{"embeddable":true,"href":"https:\/\/www.goldstadt-autoren.de\/index.php?rest_route=\/wp\/v2\/users\/2"}],"replies":[{"embeddable":true,"href":"https:\/\/www.goldstadt-autoren.de\/index.php?rest_route=%2Fwp%2Fv2%2Fcomments&post=2542"}],"version-history":[{"count":5,"href":"https:\/\/www.goldstadt-autoren.de\/index.php?rest_route=\/wp\/v2\/pages\/2542\/revisions"}],"predecessor-version":[{"id":4057,"href":"https:\/\/www.goldstadt-autoren.de\/index.php?rest_route=\/wp\/v2\/pages\/2542\/revisions\/4057"}],"up":[{"embeddable":true,"href":"https:\/\/www.goldstadt-autoren.de\/index.php?rest_route=\/wp\/v2\/pages\/26"}],"wp:attachment":[{"href":"https:\/\/www.goldstadt-autoren.de\/index.php?rest_route=%2Fwp%2Fv2%2Fmedia&parent=2542"}],"curies":[{"name":"wp","href":"https:\/\/api.w.org\/{rel}","templated":true}]}}