{"id":2732,"date":"2024-01-16T11:06:00","date_gmt":"2024-01-16T09:06:00","guid":{"rendered":"https:\/\/www.goldstadt-autoren.de\/?page_id=2732"},"modified":"2025-04-23T09:45:11","modified_gmt":"2025-04-23T07:45:11","slug":"angela-cuevas-alcaniz","status":"publish","type":"page","link":"https:\/\/www.goldstadt-autoren.de\/?page_id=2732","title":{"rendered":"Angela Cuevas Alca\u00f1iz"},"content":{"rendered":"\n<div class=\"wp-block-group\"><div class=\"wp-block-group__inner-container is-layout-flow wp-block-group-is-layout-flow\">\n<p><a href=\"https:\/\/www.goldstadt-autoren.de\/wp-content\/uploads\/2024\/01\/Cuevas-Alcaniz_A_GA.jpg\"><img loading=\"lazy\" decoding=\"async\" class=\"alignleft size-full wp-image-3755\" src=\"https:\/\/www.goldstadt-autoren.de\/wp-content\/uploads\/2024\/01\/Cuevas-Alcaniz_A_GA.jpg\" alt=\"\" width=\"115\" height=\"150\" \/><\/a>1977 in Albacete, Spanien, geboren zeigte sie schon fr\u00fch eine gro\u00dfe Leidenschaft f\u00fcr das Lesen und f\u00fcr B\u00fccher. In ihrer Jugend beschloss sie, ihrer Leidenschaft f\u00fcr Literatur und Sprachen zu folgen und studierte Englische Philologie in Ciudad Real, wo sie ihre Faszination f\u00fcr Geisteswissenschaften und Literatur im Allgemeinen und f\u00fcr Etymologie, Sprachurspr\u00fcnge und Geschichte im Besonderen entdeckte. Im Laufe ihrer Karriere hat sie als Autorin, \u00dcbersetzerin und Lektorin f\u00fcr Verlage in Deutschland gearbeitet, wo sie heute mit ihrem Mann im Schwarzwald lebt, umgeben von Natur und wilden Tieren. Sie schreibt sowohl Belletristik als auch Sachb\u00fccher, aber ihre wahre Leidenschaft ist es, die Macht der Worte und die Geschichten dahinter zu erforschen.<br \/><span style=\"color: #ffffff;\">.<\/span><\/p>\n<h3>Ver\u00f6ffentlichungen:<\/h3>\n<p><strong><em><a href=\"https:\/\/www.goldstadt-autoren.de\/wp-content\/uploads\/2025\/04\/Cover_ACA_Das-kommt-mir-Spanisch-vor_GA.jpg\"><img loading=\"lazy\" decoding=\"async\" class=\"alignleft size-full wp-image-4250\" src=\"https:\/\/www.goldstadt-autoren.de\/wp-content\/uploads\/2025\/04\/Cover_ACA_Das-kommt-mir-Spanisch-vor_GA.jpg\" alt=\"\" width=\"133\" height=\"200\" \/><\/a>DAS KOMMT MIR SPANISCH VOR<br \/><\/em><\/strong>150 Spanische Redewendungen und wo sie ihren Ursprung haben<br \/>Sachbuch<br \/><br \/>no picnic editions, 2025<br \/>ISBN 978-3-911160-09-4<br \/>Paperback, 210 Seiten<br \/>E-Book: ISBN 978-3-911160-08-7<br \/><br \/><em>Das kommt mir Spanisch vor: Die Seele der spanischen Sprache entdecken!<br \/>Dieses Buch pr\u00e4sentiert 150 witzige, skurrile und derbe spanische Redewendungen mit ihrer Herkunft, Bedeutung und Beispielen aus dem Alltag. Tauchen Sie ein in die faszinierende Verbindung von Sprache, Kultur und Geschichte der iberischen Halbinsel.<br \/>Mit kostenlosem \u00dcbungsbuch-Download vertiefen Sie Ihr Wissen und beeindrucken Freunde und Gesch\u00e4ftspartner mit authentischen Ausdr\u00fccken, die zeigen, dass Sie die Sprache leben.<br \/>Zusammengestellt von Angela Cuevas Alca\u00f1iz, geb\u00fcrtige Spanierin und Philologin, und J\u00fcrgen H\u00f6rstmann, Sprachenthusiast mit Spanien-Expertise. Perfekt f\u00fcr Sprachlerner, Spanien-Liebhaber und Kulturinteressierte!<br \/>Ein unterhaltsamer Weg, Spanisch zu verstehen und zu lieben \u2013 immer mit einem L\u00e4cheln im Gesicht!<\/em><\/p>\n<p><strong><em><a href=\"https:\/\/www.goldstadt-autoren.de\/wp-content\/uploads\/2024\/01\/Anthologie_Cover_VBZB_GA.jpg\"><img loading=\"lazy\" decoding=\"async\" class=\"alignleft size-full wp-image-3774\" src=\"https:\/\/www.goldstadt-autoren.de\/wp-content\/uploads\/2024\/01\/Anthologie_Cover_VBZB_GA.jpg\" alt=\"\" width=\"127\" height=\"200\" \/><\/a>Die Geheimnisse des Rondells: Atax\u2019 Suche<br \/><\/em><\/strong>Fantasy-Kurzgeschichte mit Handlungsort Goethebr\u00fccke<br \/>in: VON BR\u00dcCKE ZU BR\u00dcCKE (Anthologie)<\/p>\n<p>Hrsg. Goldstadt-Autoren e. V.<br \/>BoD \u2013 Books on Demand, Norderstedt 2024<br \/>ISBN 978-3-7578-8671-4<br \/>Taschenbuch, 272 Seiten, 13,50 EUR; 8,99 EUR als E-Book<\/p>\n<p><strong><em>Auf, unter und neben den Br\u00fccken Pforzheims<br \/><\/em><\/strong><em>Br\u00fccken verbinden Menschen, sind Orte von Erinnerungen, dienen als Verstecke oder werden zu Tatorten. Die Goldstadt Pforzheim nennt mehr als f\u00fcnfzig Fluss-, Stra\u00dfen- und Bahngleis\u00fcberquerungen ihr Eigen.<br \/>Zweiundzwanzig dieser Br\u00fccken und Stege dienen als Inspiration f\u00fcr humorige bis nachdenkliche, fantastische bis lebensnahe Geschichten und Gedichte. Mit ihnen feiern die Mitglieder des Goldstadt-Autoren e.\u00a0V. das <strong>10-j\u00e4hrige Vereinsbestehen <\/strong>und ihre Verbundenheit mit der Stadt, die auch als \u201ePforte zum Schwarzwald\u201c bezeichnet wird.<br \/><span style=\"color: #ffffff;\">.<\/span><\/em><\/p>\n<p><strong><em><a href=\"https:\/\/www.goldstadt-autoren.de\/wp-content\/uploads\/2024\/01\/Cover_CAA_Citas-Geniaces_GA.jpg\"><img loading=\"lazy\" decoding=\"async\" class=\"alignleft size-full wp-image-3756\" src=\"https:\/\/www.goldstadt-autoren.de\/wp-content\/uploads\/2024\/01\/Cover_CAA_Citas-Geniaces_GA.jpg\" alt=\"\" width=\"125\" height=\"200\" \/><\/a>CITAS GENIALES SOBRE LIBROS &amp; LITERATURA<br \/><\/em><\/strong>Spanische Ausgabe, Sachbuch<\/p>\n<p>erschienen 2023<br \/>ISBN 979-8-2238-6555-1<br \/>Taschenbuch, 278 Seiten; 18,50 EUR<\/p>\n<p><em>Eine faszinierende Sammlung von Zitaten, die die Tiefe und Sch\u00f6nheit der Literatur und des geschriebenen Wortes einfangen. Dieses Buch, derzeit verf\u00fcgbar in Spanisch, enth\u00e4lt sorgf\u00e4ltig ausgew\u00e4hlte Weisheiten und Einsichten, die Leser und Schriftsteller gleicherma\u00dfen inspirieren. Es handelt sich um eine Hommage an die Macht der Literatur und ihre F\u00e4higkeit, unsere Erfahrungen und Sichtweisen zu bereichern und zu transformieren. Die Sammlung spiegelt verschiedene Perspektiven auf B\u00fccher und Literatur wider und zeigt, wie tiefgreifend Worte unsere Gedanken, Gef\u00fchle und unser Leben beeinflussen k\u00f6nnen.<\/em><br \/><em>Aktueller Status und Zukunftspl\u00e4ne: Derzeit ist das Buch in Spanisch verf\u00fcgbar, aber es sind \u00dcbersetzungen in weitere Sprachen in Arbeit. Diese zuk\u00fcnftigen Ausgaben werden die Reichweite des Buches erweitern und es einem breiteren, internationalen Publikum zug\u00e4nglich machen.<\/em><\/p>\n<p><strong><em><a href=\"https:\/\/www.goldstadt-autoren.de\/wp-content\/uploads\/2024\/01\/Cover_CAA_Words-Unbound_GA.jpg\"><img loading=\"lazy\" decoding=\"async\" class=\"alignleft size-full wp-image-3757\" src=\"https:\/\/www.goldstadt-autoren.de\/wp-content\/uploads\/2024\/01\/Cover_CAA_Words-Unbound_GA.jpg\" alt=\"\" width=\"125\" height=\"200\" \/><\/a><br \/>BOOKS &amp; LITERATURE: <br \/>A CELEBRATION IN 300 BILINGUAL QUOTES<br \/><\/em><\/strong>Englisch und Spanisch, Sachbuch<\/p>\n<p>no picnic editions, 2024<br \/>E-Book, 81 Seiten, Kindle-Ausgabe<\/p>\n<p><em>Ein einzigartiges literarisches Abenteuer, das die Welt der B\u00fccher und Literatur durch eine Sammlung von 300 zweisprachigen Zitaten in Englisch und Spanisch feiert. Dieses Buch ist eine unverzichtbare Ressource f\u00fcr alle, die sich f\u00fcr Sprachen und Literatur begeistern. Es bietet eine reiche Auswahl an tiefgr\u00fcndigen Reflexionen und lebhaften Erz\u00e4hlungen, die zwei Sprachen und Kulturen miteinander verbinden. Jedes Zitat in diesem Buch bildet eine Br\u00fccke zwischen zwei Welten und ist ideal f\u00fcr Sprachbegeisterte und Literaturkenner.<\/em><br \/><em>Besonderes Angebot: Das Beste daran ist, dass Sie dieses Buch kostenlos erhalten k\u00f6nnen, wenn Sie der Mailingliste des Autors beitreten. Melden Sie sich heute f\u00fcr den Newsletter an und genie\u00dfen Sie die Magie der B\u00fccher und Literatur in zwei Sprachen!<\/em><\/p>\n<h3>Mehr Informationen:<\/h3>\n<p>E-Mail: info@angelacuevasalcaniz.com<br \/>Internet: <a href=\"https:\/\/angelacuevasalcaniz.com\" target=\"_blank\" rel=\"noopener\">https:\/\/angelacuevasalcaniz.com<\/a><\/p>\n\n\n\n<div class=\"wp-block-group\"><div class=\"wp-block-group__inner-container is-layout-flow wp-block-group-is-layout-flow\"><\/div><\/div>\n<\/div><\/div>\n","protected":false},"excerpt":{"rendered":"<p>1977 in Albacete, Spanien, geboren zeigte sie schon fr\u00fch eine gro\u00dfe Leidenschaft f\u00fcr das Lesen und f\u00fcr B\u00fccher. In ihrer Jugend beschloss sie, ihrer Leidenschaft f\u00fcr Literatur und Sprachen zu folgen und studierte Englische Philologie in Ciudad Real, wo sie ihre Faszination f\u00fcr Geisteswissenschaften und Literatur im Allgemeinen und f\u00fcr Etymologie, Sprachurspr\u00fcnge und Geschichte im &hellip; <a href=\"https:\/\/www.goldstadt-autoren.de\/?page_id=2732\" class=\"more-link\"><span class=\"screen-reader-text\">Angela Cuevas Alca\u00f1iz<\/span> weiterlesen <span class=\"meta-nav\">&rarr;<\/span><\/a><\/p>\n","protected":false},"author":2,"featured_media":0,"parent":26,"menu_order":7,"comment_status":"closed","ping_status":"closed","template":"","meta":{"footnotes":""},"class_list":["post-2732","page","type-page","status-publish","hentry"],"_links":{"self":[{"href":"https:\/\/www.goldstadt-autoren.de\/index.php?rest_route=\/wp\/v2\/pages\/2732"}],"collection":[{"href":"https:\/\/www.goldstadt-autoren.de\/index.php?rest_route=\/wp\/v2\/pages"}],"about":[{"href":"https:\/\/www.goldstadt-autoren.de\/index.php?rest_route=\/wp\/v2\/types\/page"}],"author":[{"embeddable":true,"href":"https:\/\/www.goldstadt-autoren.de\/index.php?rest_route=\/wp\/v2\/users\/2"}],"replies":[{"embeddable":true,"href":"https:\/\/www.goldstadt-autoren.de\/index.php?rest_route=%2Fwp%2Fv2%2Fcomments&post=2732"}],"version-history":[{"count":22,"href":"https:\/\/www.goldstadt-autoren.de\/index.php?rest_route=\/wp\/v2\/pages\/2732\/revisions"}],"predecessor-version":[{"id":4252,"href":"https:\/\/www.goldstadt-autoren.de\/index.php?rest_route=\/wp\/v2\/pages\/2732\/revisions\/4252"}],"up":[{"embeddable":true,"href":"https:\/\/www.goldstadt-autoren.de\/index.php?rest_route=\/wp\/v2\/pages\/26"}],"wp:attachment":[{"href":"https:\/\/www.goldstadt-autoren.de\/index.php?rest_route=%2Fwp%2Fv2%2Fmedia&parent=2732"}],"curies":[{"name":"wp","href":"https:\/\/api.w.org\/{rel}","templated":true}]}}

Angela Cuevas Alcañiz

<div class="wp-block-group"><div class="wp-block-group__inner-container is-layout-flow wp-block-group-is-layout-flow">
<p><a href="https://www.goldstadt-autoren.de/wp-content/uploads/2024/01/Cuevas-Alcaniz_A_GA.jpg"><img loading="lazy" decoding="async" class="alignleft size-full wp-image-3755" src="https://www.goldstadt-autoren.de/wp-content/uploads/2024/01/Cuevas-Alcaniz_A_GA.jpg" alt="" width="115" height="150" /></a>1977 in Albacete, Spanien, geboren zeigte sie schon früh eine große Leidenschaft für das Lesen und für Bücher. In ihrer Jugend beschloss sie, ihrer Leidenschaft für Literatur und Sprachen zu folgen und studierte Englische Philologie in Ciudad Real, wo sie ihre Faszination für Geisteswissenschaften und Literatur im Allgemeinen und für Etymologie, Sprachursprünge und Geschichte im Besonderen entdeckte. Im Laufe ihrer Karriere hat sie als Autorin, Übersetzerin und Lektorin für Verlage in Deutschland gearbeitet, wo sie heute mit ihrem Mann im Schwarzwald lebt, umgeben von Natur und wilden Tieren. Sie schreibt sowohl Belletristik als auch Sachbücher, aber ihre wahre Leidenschaft ist es, die Macht der Worte und die Geschichten dahinter zu erforschen.<br /><span style="color: #ffffff;">.</span></p>
<h3>Veröffentlichungen:</h3>
<p><strong><em><a href="https://www.goldstadt-autoren.de/wp-content/uploads/2025/04/Cover_ACA_Das-kommt-mir-Spanisch-vor_GA.jpg"><img loading="lazy" decoding="async" class="alignleft size-full wp-image-4250" src="https://www.goldstadt-autoren.de/wp-content/uploads/2025/04/Cover_ACA_Das-kommt-mir-Spanisch-vor_GA.jpg" alt="" width="133" height="200" /></a>DAS KOMMT MIR SPANISCH VOR<br /></em></strong>150 Spanische Redewendungen und wo sie ihren Ursprung haben<br />Sachbuch<br /><br />no picnic editions, 2025<br />ISBN 978-3-911160-09-4<br />Paperback, 210 Seiten<br />E-Book: ISBN 978-3-911160-08-7<br /><br /><em>Das kommt mir Spanisch vor: Die Seele der spanischen Sprache entdecken!<br />Dieses Buch präsentiert 150 witzige, skurrile und derbe spanische Redewendungen mit ihrer Herkunft, Bedeutung und Beispielen aus dem Alltag. Tauchen Sie ein in die faszinierende Verbindung von Sprache, Kultur und Geschichte der iberischen Halbinsel.<br />Mit kostenlosem Übungsbuch-Download vertiefen Sie Ihr Wissen und beeindrucken Freunde und Geschäftspartner mit authentischen Ausdrücken, die zeigen, dass Sie die Sprache leben.<br />Zusammengestellt von Angela Cuevas Alcañiz, gebürtige Spanierin und Philologin, und Jürgen Hörstmann, Sprachenthusiast mit Spanien-Expertise. Perfekt für Sprachlerner, Spanien-Liebhaber und Kulturinteressierte!<br />Ein unterhaltsamer Weg, Spanisch zu verstehen und zu lieben – immer mit einem Lächeln im Gesicht!</em></p>
<p><strong><em><a href="https://www.goldstadt-autoren.de/wp-content/uploads/2024/01/Anthologie_Cover_VBZB_GA.jpg"><img loading="lazy" decoding="async" class="alignleft size-full wp-image-3774" src="https://www.goldstadt-autoren.de/wp-content/uploads/2024/01/Anthologie_Cover_VBZB_GA.jpg" alt="" width="127" height="200" /></a>Die Geheimnisse des Rondells: Atax’ Suche<br /></em></strong>Fantasy-Kurzgeschichte mit Handlungsort Goethebrücke<br />in: VON BRÜCKE ZU BRÜCKE (Anthologie)</p>
<p>Hrsg. Goldstadt-Autoren e. V.<br />BoD – Books on Demand, Norderstedt 2024<br />ISBN 978-3-7578-8671-4<br />Taschenbuch, 272 Seiten, 13,50 EUR; 8,99 EUR als E-Book</p>
<p><strong><em>Auf, unter und neben den Brücken Pforzheims<br /></em></strong><em>Brücken verbinden Menschen, sind Orte von Erinnerungen, dienen als Verstecke oder werden zu Tatorten. Die Goldstadt Pforzheim nennt mehr als fünfzig Fluss-, Straßen- und Bahngleisüberquerungen ihr Eigen.<br />Zweiundzwanzig dieser Brücken und Stege dienen als Inspiration für humorige bis nachdenkliche, fantastische bis lebensnahe Geschichten und Gedichte. Mit ihnen feiern die Mitglieder des Goldstadt-Autoren e. V. das <strong>10-jährige Vereinsbestehen </strong>und ihre Verbundenheit mit der Stadt, die auch als „Pforte zum Schwarzwald“ bezeichnet wird.<br /><span style="color: #ffffff;">.</span></em></p>
<p><strong><em><a href="https://www.goldstadt-autoren.de/wp-content/uploads/2024/01/Cover_CAA_Citas-Geniaces_GA.jpg"><img loading="lazy" decoding="async" class="alignleft size-full wp-image-3756" src="https://www.goldstadt-autoren.de/wp-content/uploads/2024/01/Cover_CAA_Citas-Geniaces_GA.jpg" alt="" width="125" height="200" /></a>CITAS GENIALES SOBRE LIBROS &amp; LITERATURA<br /></em></strong>Spanische Ausgabe, Sachbuch</p>
<p>erschienen 2023<br />ISBN 979-8-2238-6555-1<br />Taschenbuch, 278 Seiten; 18,50 EUR</p>
<p><em>Eine faszinierende Sammlung von Zitaten, die die Tiefe und Schönheit der Literatur und des geschriebenen Wortes einfangen. Dieses Buch, derzeit verfügbar in Spanisch, enthält sorgfältig ausgewählte Weisheiten und Einsichten, die Leser und Schriftsteller gleichermaßen inspirieren. Es handelt sich um eine Hommage an die Macht der Literatur und ihre Fähigkeit, unsere Erfahrungen und Sichtweisen zu bereichern und zu transformieren. Die Sammlung spiegelt verschiedene Perspektiven auf Bücher und Literatur wider und zeigt, wie tiefgreifend Worte unsere Gedanken, Gefühle und unser Leben beeinflussen können.</em><br /><em>Aktueller Status und Zukunftspläne: Derzeit ist das Buch in Spanisch verfügbar, aber es sind Übersetzungen in weitere Sprachen in Arbeit. Diese zukünftigen Ausgaben werden die Reichweite des Buches erweitern und es einem breiteren, internationalen Publikum zugänglich machen.</em></p>
<p><strong><em><a href="https://www.goldstadt-autoren.de/wp-content/uploads/2024/01/Cover_CAA_Words-Unbound_GA.jpg"><img loading="lazy" decoding="async" class="alignleft size-full wp-image-3757" src="https://www.goldstadt-autoren.de/wp-content/uploads/2024/01/Cover_CAA_Words-Unbound_GA.jpg" alt="" width="125" height="200" /></a><br />BOOKS &amp; LITERATURE: <br />A CELEBRATION IN 300 BILINGUAL QUOTES<br /></em></strong>Englisch und Spanisch, Sachbuch</p>
<p>no picnic editions, 2024<br />E-Book, 81 Seiten, Kindle-Ausgabe</p>
<p><em>Ein einzigartiges literarisches Abenteuer, das die Welt der Bücher und Literatur durch eine Sammlung von 300 zweisprachigen Zitaten in Englisch und Spanisch feiert. Dieses Buch ist eine unverzichtbare Ressource für alle, die sich für Sprachen und Literatur begeistern. Es bietet eine reiche Auswahl an tiefgründigen Reflexionen und lebhaften Erzählungen, die zwei Sprachen und Kulturen miteinander verbinden. Jedes Zitat in diesem Buch bildet eine Brücke zwischen zwei Welten und ist ideal für Sprachbegeisterte und Literaturkenner.</em><br /><em>Besonderes Angebot: Das Beste daran ist, dass Sie dieses Buch kostenlos erhalten können, wenn Sie der Mailingliste des Autors beitreten. Melden Sie sich heute für den Newsletter an und genießen Sie die Magie der Bücher und Literatur in zwei Sprachen!</em></p>
<h3>Mehr Informationen:</h3>
<p>E-Mail: info@angelacuevasalcaniz.com<br />Internet: <a href="https://angelacuevasalcaniz.com" target="_blank" rel="noopener">https://angelacuevasalcaniz.com</a></p>



<div class="wp-block-group"><div class="wp-block-group__inner-container is-layout-flow wp-block-group-is-layout-flow"></div></div>
</div></div>

<p>1977 in Albacete, Spanien, geboren zeigte sie schon früh eine große Leidenschaft für das Lesen und für Bücher. In ihrer Jugend beschloss sie, ihrer Leidenschaft für Literatur und Sprachen zu folgen und studierte Englische Philologie in Ciudad Real, wo sie ihre Faszination für Geisteswissenschaften und Literatur im Allgemeinen und für Etymologie, Sprachursprünge und Geschichte im &hellip; <a href="https://www.goldstadt-autoren.de/?page_id=2732" class="more-link"><span class="screen-reader-text">Angela Cuevas Alcañiz</span> weiterlesen <span class="meta-nav">&rarr;</span></a></p>
