{"id":440,"date":"2014-12-06T16:14:25","date_gmt":"2014-12-06T14:14:25","guid":{"rendered":"http:\/\/www.goldstadt-autoren.de\/?page_id=440"},"modified":"2026-01-03T12:12:18","modified_gmt":"2026-01-03T10:12:18","slug":"chronik","status":"publish","type":"page","link":"https:\/\/www.goldstadt-autoren.de\/?page_id=440","title":{"rendered":"Chronik"},"content":{"rendered":"\n<div class=\"wp-block-group\"><div class=\"wp-block-group__inner-container is-layout-flow wp-block-group-is-layout-flow\">\n<p>Erfahren Sie mehr \u00fcber unseren Verein.<\/p>\n<p><strong>01-12\/2025 Autorenlesungen + Signierstunden <\/strong>&gt; <a href=\"https:\/\/www.goldstadt-autoren.de\/wp-content\/uploads\/2026\/01\/2025_Q1-4_Autorenlesungen.pdf\" target=\"_blank\" rel=\"noopener\">Artikel<\/a><strong><br \/>29.+30.11.2025 Weihnachtsmarkt Pforzheim\/Kunsthandwerkerh\u00fctte <\/strong>&gt; <a href=\"https:\/\/www.goldstadt-autoren.de\/wp-content\/uploads\/2026\/01\/2025-11-2930_Weihnachtsmarkt-PF_Kunsthandwerkerhuette.pdf\" target=\"_blank\" rel=\"noopener\">Artikel<\/a><br \/><strong>24.05.2025 Tag der Vereine in der Schl\u00f6ssle-Galerie, Pforzheim <\/strong>&gt; <a href=\"https:\/\/www.goldstadt-autoren.de\/wp-content\/uploads\/2026\/01\/2025-05-24_Schloessle-Galerie_Tag-der-Vereine.pdf\" target=\"_blank\" rel=\"noopener\">Artikel<\/a><br \/><strong>22.02.2025 2. Stuttgarter Buchmesse <\/strong>&gt; <a href=\"https:\/\/www.goldstadt-autoren.de\/wp-content\/uploads\/2026\/01\/2025-02-22_Stuttgarter-Buchmesse.pdf\" target=\"_blank\" rel=\"noopener\">Artikel<\/a><\/p>\n<p><strong>14.11.2024 Br\u00fccken-Lesungen in der Stadtbibliothek M\u00fchlacker <\/strong>&gt; <a href=\"https:\/\/www.goldstadt-autoren.de\/wp-content\/uploads\/2025\/03\/2024-11-14_Muehlacker-Bibliothek_Lesungsevent-Bruecken.pdf\" target=\"_blank\" rel=\"noopener\">Artikel<\/a><strong><br \/>03.-31.08.2024 Sommeraktion Br\u00fccken-Lesungen <\/strong>&gt; <a href=\"https:\/\/www.goldstadt-autoren.de\/wp-content\/uploads\/2025\/02\/2024-08_Sommeraktion_Bruecken-Lesungen.pdf\" target=\"_blank\" rel=\"noopener\">Artikel<\/a><strong><br \/>04-12\/2024 Autorenlesungen<\/strong>\u00a0&gt; <a href=\"https:\/\/www.goldstadt-autoren.de\/wp-content\/uploads\/2025\/02\/2024_Q2-4_Events.pdf\" target=\"_blank\" rel=\"noopener\">Artikel<\/a>\u00a0<br \/><strong>09.03.2024 2. Pforzheimer<\/strong> <strong>Vereinsmesse <\/strong>&gt; <a href=\"https:\/\/www.goldstadt-autoren.de\/wp-content\/uploads\/2025\/02\/2024-03-09_Pforzheimer-Vereinsmesse.pdf\" target=\"_blank\" rel=\"noopener\">Artikel<\/a><strong><br \/><\/strong><strong>02.03.2024 Pr\u00e4sentationstag in Thalia-Buchhandlung anl. 10-j\u00e4hr. Jubil\u00e4um <\/strong>&gt; <a href=\"https:\/\/www.goldstadt-autoren.de\/wp-content\/uploads\/2024\/04\/2024-03-02_Thalia-Praesentationstag.pdf\" target=\"_blank\" rel=\"noopener\">Artikel<\/a>\u00a0<br \/><strong>24.02.2024<\/strong> <strong>JHV mit Wahlen<\/strong> &gt; <a href=\"https:\/\/www.goldstadt-autoren.de\/wp-content\/uploads\/2024\/04\/2024-02-24_JHV.pdf\" target=\"_blank\" rel=\"noopener\">Artikel<\/a>\u00a0<br \/><strong>01-03\/2024 Autorenlesungen<\/strong>\u00a0&gt; <a href=\"https:\/\/www.goldstadt-autoren.de\/wp-content\/uploads\/2024\/03\/2024_Q1_Events.pdf\" target=\"_blank\" rel=\"noopener\">Artikel<\/a><\/p>\n<p><strong>08-12\/2023 Lesungen und Events<\/strong> &gt; <a href=\"https:\/\/www.goldstadt-autoren.de\/wp-content\/uploads\/2024\/02\/2023_Q34_Events.pdf\" target=\"_blank\" rel=\"noopener\">Artikel<\/a><br \/><strong>07.07.2023 Das Fest der Vereine<\/strong> &gt; <a href=\"https:\/\/www.goldstadt-autoren.de\/wp-content\/uploads\/2023\/08\/2023-07-07_Q3_Fest-der-Vereine.pdf\" target=\"_blank\" rel=\"noopener\">Artikel<\/a><br \/><strong>24.06.2023 IMPRESSA 4 <\/strong>&gt; <a href=\"https:\/\/www.goldstadt-autoren.de\/wp-content\/uploads\/2023\/08\/2023-06-24_Q2_Impressa4.pdf\" target=\"_blank\" rel=\"noopener\">Artikel<\/a><br \/><strong>01-03\/2023 Lesungen und Events\/Messen <\/strong>&gt; <a href=\"https:\/\/www.goldstadt-autoren.de\/wp-content\/uploads\/2023\/04\/2023_Q1_Events.pdf\" target=\"_blank\" rel=\"noopener\">Artikel<\/a><\/p>\n<p><strong>09-12\/2022 Lesungen und Events<\/strong> &gt; <a href=\"https:\/\/www.goldstadt-autoren.de\/wp-content\/uploads\/2023\/01\/2022_Q4_Events.pdf\" target=\"_blank\" rel=\"noopener\">Artikel<\/a><br \/><strong>21.10.2022 Vereinslesung LITERARISCHE MIXTOUR &gt; <\/strong><a href=\"https:\/\/www.goldstadt-autoren.de\/wp-content\/uploads\/2022\/10\/2022-10-21_Literarische-Mixtour.pdf\" target=\"_blank\" rel=\"noopener\">Artikel<\/a><br \/><strong>16.07.2022 Vereinskegelabend &gt;<\/strong> <a href=\"https:\/\/www.goldstadt-autoren.de\/wp-content\/uploads\/2022\/08\/2022_Q3_Vereinskegelabend.pdf\" target=\"_blank\" rel=\"noopener\">Artikel<\/a><br \/><strong>01-06\/2022 Lesungen und Events &gt;<\/strong> <a href=\"https:\/\/www.goldstadt-autoren.de\/wp-content\/uploads\/2022\/07\/2022_Q12.pdf\" target=\"_blank\" rel=\"noopener\">Artikel<\/a><\/p>\n<p><strong>09-11\/2021 Lesungen und Events &gt; <\/strong><a href=\"https:\/\/www.goldstadt-autoren.de\/wp-content\/uploads\/2021\/12\/2021_Q34.pdf\" target=\"_blank\" rel=\"noopener\">Artikel<\/a><br \/><strong>07-10\/2020 Sommer-Herbst-Lesungen &gt;\u00a0<\/strong><a href=\"https:\/\/www.goldstadt-autoren.de\/wp-content\/uploads\/2020\/11\/2020_Q3_Events.pdf\" target=\"_blank\" rel=\"noopener\">Artikel<\/a><br \/><strong>02-03\/2020 Fr\u00fchjahrslesungen &gt;<\/strong> <a href=\"https:\/\/www.goldstadt-autoren.de\/wp-content\/uploads\/2020\/05\/2020_Q1-Events.pdf\" target=\"_blank\" rel=\"noopener\">Artikel<\/a><\/p>\n<p><strong>23.11.2019 Vereinslesung LITERARISCHE SCHNAPPSCH\u00dcSSE &gt;<\/strong> <a href=\"https:\/\/www.goldstadt-autoren.de\/wp-content\/uploads\/2020\/01\/2019-11-23_Literarische-Schnappschuesse.pdf\" target=\"_blank\" rel=\"noopener\">Artikel<\/a><br \/><strong>10-11\/2019 Herbstlesungen &gt;<\/strong> <a href=\"https:\/\/www.goldstadt-autoren.de\/wp-content\/uploads\/2020\/01\/2019_Q3u4-Events.pdf\" target=\"_blank\" rel=\"noopener\">Artikel<\/a><br \/><strong>27.\/28.07.2019 Kleine Buchmesse im Bauschlotter Schloss &gt;<\/strong> <a href=\"https:\/\/www.goldstadt-autoren.de\/wp-content\/uploads\/2019\/10\/2019-07_Buchmesse-Bauschlott.pdf\" target=\"_blank\" rel=\"noopener\">Artikel<\/a><br \/><strong>20.07.2019 Vereinsausflug ins Hermann-Hesse-Museum, Calw &gt;<\/strong> <a href=\"https:\/\/www.goldstadt-autoren.de\/wp-content\/uploads\/2019\/10\/2019-07_Vereinsausflug_Hermann-Hesse-Museum.pdf\" target=\"_blank\" rel=\"noopener\">Artikel<\/a><br \/><strong>04-07\/2019 Lesungen und Events &gt;<\/strong> <a href=\"https:\/\/www.goldstadt-autoren.de\/wp-content\/uploads\/2019\/10\/2019_Q2-Events.pdf\" target=\"_blank\" rel=\"noopener\">Artikel<\/a><br \/><strong>01-03\/2019 Lesungen und Events &gt;<\/strong> <a href=\"https:\/\/www.goldstadt-autoren.de\/wp-content\/uploads\/2019\/04\/2019_Q1-Events.pdf\" target=\"_blank\" rel=\"noopener\">Artikel<\/a><\/p>\n<p><strong>11-12\/2018 Winterlesungen &gt;<\/strong> <a href=\"https:\/\/www.goldstadt-autoren.de\/wp-content\/uploads\/2019\/01\/2018_11-12_Wi-Lsgn.pdf\" target=\"_blank\" rel=\"noopener\">Artikel<\/a><br \/><strong>01.12.2018 Vereinslesung KURZ UND SCH(M)ERZHAFT<\/strong>\u00a0&gt; <a href=\"https:\/\/www.goldstadt-autoren.de\/wp-content\/uploads\/2018\/12\/2018-12-01_WGH_Kurz-und-sch-m-erzhaft.pdf\" target=\"_blank\" rel=\"noopener\">Artikel<\/a><br \/><strong>06-10\/2018 Sommer- und Herbstevents &gt; <\/strong><a href=\"https:\/\/www.goldstadt-autoren.de\/wp-content\/uploads\/2018\/10\/2018_06-10_So-He-Lsgn.pdf\" target=\"_blank\" rel=\"noopener\">Artikel<\/a><br \/><strong>28.07.2018 Vereinsausflug zu Druckerei Noske <\/strong>&gt; <a href=\"https:\/\/www.goldstadt-autoren.de\/wp-content\/uploads\/2018\/08\/2018-07-28_Ausflug-Noske.pdf\" target=\"_blank\" rel=\"noopener\">Artikel<\/a><br \/><strong>01-06\/2018 Winter- und Fr\u00fchjahrsevents<\/strong> &gt; <a href=\"https:\/\/www.goldstadt-autoren.de\/wp-content\/uploads\/2018\/06\/2018_01-06_Fj-Lsgn.pdf\" target=\"_blank\" rel=\"noopener\">Artikel<\/a><br \/><strong>24.02.2018 JHV mit Wahlen<\/strong> &gt; <a href=\"https:\/\/www.goldstadt-autoren.de\/wp-content\/uploads\/2018\/03\/2018-02-24_JHV.pdf\" target=\"_blank\" rel=\"noopener\">Artikel<\/a><\/p>\n<p><strong>10-12\/2017 Herbstlesungen<\/strong> &gt; <a href=\"https:\/\/www.goldstadt-autoren.de\/wp-content\/uploads\/2018\/01\/2017_10-12_HeLsgn.pdf\" target=\"_blank\" rel=\"noopener\">Artikel<\/a><br \/><strong>25.11.2017 Vereinslesung GOLDSTADT-GESCHICHTEN<\/strong>\u00a0&gt; <a href=\"https:\/\/www.goldstadt-autoren.de\/wp-content\/uploads\/2017\/12\/2017-11-25_Goldstadt-Geschichten.pdf\" target=\"_blank\" rel=\"noopener\">Artikel<\/a><br \/><strong>06-09\/2017 Sommerlesungen &gt; <\/strong><a href=\"https:\/\/www.goldstadt-autoren.de\/wp-content\/uploads\/2017\/10\/2017_6-9_So-Lsgn.pdf\" target=\"_blank\" rel=\"noopener\">Artikel<\/a><br \/><strong>19.05.2017 Vorstellung der Buchneuerscheinungen\u00a0&gt; <\/strong><a href=\"https:\/\/www.goldstadt-autoren.de\/wp-content\/uploads\/2017\/05\/2017-05-19_Buchvorstellungen.pdf\" target=\"_blank\" rel=\"noopener\">Artikel<\/a><br \/><strong>10.05.2017 Vereinsabend beim Maultaschen-Event &gt; <\/strong><a href=\"https:\/\/www.goldstadt-autoren.de\/wp-content\/uploads\/2017\/05\/2017-05-10_MaMa.pdf\" target=\"_blank\" rel=\"noopener\">Artikel<\/a><br \/><strong>01-05\/2017 Winter- und Fr\u00fchjahrslesungen &gt; <\/strong><a href=\"https:\/\/www.goldstadt-autoren.de\/wp-content\/uploads\/2017\/05\/2017_1-5_Wi-Fj-Lsgn.pdf\" target=\"_blank\" rel=\"noopener\">Artikel<\/a><br \/><strong>2016\/2017 Die Schmuckrevue &#8211; R\u00fcckblick &amp; Impressionen\u00a0&gt;<\/strong> <a href=\"https:\/\/www.goldstadt-autoren.de\/wp-content\/uploads\/2018\/02\/2017_Schmuckrevue_Fssg2.pdf\" target=\"_blank\" rel=\"noopener\">Artikel<\/a><\/p>\n<p><strong>11-12\/2016 Herbstlesungen mit Weihnachtsfeier &gt;<\/strong> <a href=\"https:\/\/www.goldstadt-autoren.de\/wp-content\/uploads\/2016\/12\/2016_10-12_He-Lsgn.pdf\" target=\"_blank\" rel=\"noopener\">Artikel<\/a><br \/><strong>26.11.2016 Vereinslesung QUODLIBET &gt;<\/strong> <a href=\"https:\/\/www.goldstadt-autoren.de\/wp-content\/uploads\/2017\/03\/2016-11-26_Lsg-Qdlbt.pdf\" target=\"_blank\" rel=\"noopener\">Artikel<\/a><br \/><strong>18.\/19.06.2016 Kulturevent &#8222;Literatur &amp; Skulptur&#8220;, Kelter Bilfingen &gt;<\/strong>\u00a0<a href=\"https:\/\/www.goldstadt-autoren.de\/wp-content\/uploads\/2016\/07\/2016-06-18u19_Kulturevent.pdf\" target=\"_blank\" rel=\"noopener\">Artikel<\/a><br \/><strong>02-06\/2016 Fr\u00fchjahrsveranstaltungen &gt;<\/strong> <a href=\"https:\/\/www.goldstadt-autoren.de\/wp-content\/uploads\/2016\/06\/2016_2-6_Fj-LsgnEvts2.pdf\" target=\"_blank\" rel=\"noopener\">Artikel<\/a><br \/><strong>20.02.2016<\/strong> <strong>JHV mit Erstwahlen<\/strong> <strong>&gt;<\/strong><a href=\"https:\/\/www.goldstadt-autoren.de\/wp-content\/uploads\/2016\/04\/2016-02-20_JHV.pdf\" target=\"_blank\" rel=\"noopener\"> Artikel<\/a><\/p>\n<p><strong>04.12.2015 Vereinslesung AUSZEIT &gt;<\/strong> <a href=\"https:\/\/www.goldstadt-autoren.de\/wp-content\/uploads\/2016\/01\/2015-12-04_Lsg-Auszeit.pdf\" target=\"_blank\" rel=\"noopener\">Artikel<\/a><br \/><strong>10-12\/2015 Herbstlesungen &gt;<\/strong> <a href=\"https:\/\/www.goldstadt-autoren.de\/wp-content\/uploads\/2016\/01\/2015_3-He-Lsgn.pdf\" target=\"_blank\" rel=\"noopener\">Artikel<\/a><br \/><strong>17.10.2015 Frankfurter Buchmesse &gt;<\/strong> <a href=\"https:\/\/www.goldstadt-autoren.de\/wp-content\/uploads\/2015\/11\/2015-10-17_BM-FfM.pdf\" target=\"_blank\" rel=\"noopener\">Artikel<\/a><br \/><strong>10\/2015 &#8222;Lost and Found in Pforzheim&#8220;\u00a0&gt;<\/strong> <a href=\"https:\/\/www.goldstadt-autoren.de\/wp-content\/uploads\/2015\/10\/2015-10_Film_Lost-and-Found.pdf\" target=\"_blank\" rel=\"noopener\">Artikel<\/a><br \/><strong>06-09\/2015 Sommerlesungen<\/strong> <strong>&gt;<\/strong> <a href=\"https:\/\/www.goldstadt-autoren.de\/wp-content\/uploads\/2015\/10\/2015_2-So-Lsgn.pdf\" target=\"_blank\" rel=\"noopener\">Artikel<\/a><br \/><strong>13.06.2015 Vereinskegelabend &gt;<\/strong> <a href=\"https:\/\/www.goldstadt-autoren.de\/wp-content\/uploads\/2015\/08\/2015-06-13_Kegelabend.pdf\" target=\"_blank\" rel=\"noopener\">Artikel<\/a><br \/><strong>03-06\/2015 Fr\u00fchjahrslesungen &gt; <\/strong><a href=\"https:\/\/www.goldstadt-autoren.de\/wp-content\/uploads\/2015\/07\/2015_I-Fj-Lsgn.pdf\" target=\"_blank\" rel=\"noopener\">Artikel<\/a><br \/><strong>28.02.\/05.03.2015 JHV und einj\u00e4hriges Bestehen &gt; <\/strong><a title=\"Sitzung\" href=\"https:\/\/www.goldstadt-autoren.de\/wp-content\/uploads\/2015\/04\/2015-02-03_JHV_Geb.pdf\" target=\"_blank\" rel=\"noopener\">Artikel<\/a><\/p>\n<p><strong>05.12.2014 Vereinslesung QUER BEET &gt; <\/strong><a title=\"Lesung Querbeet\" href=\"https:\/\/www.goldstadt-autoren.de\/wp-content\/uploads\/2015\/01\/2014-12-05_Lsg-QrBt.pdf\" target=\"_blank\" rel=\"noopener\">Artikel<\/a><br \/><strong>04.12.2014 Weihnachtsfeier &gt; <\/strong><a title=\"Weihnachtsfeier\" href=\"https:\/\/www.goldstadt-autoren.de\/wp-content\/uploads\/2015\/01\/2014-12-04_WeihnFeier.pdf\" target=\"_blank\" rel=\"noopener\">Artikel<\/a><br \/><strong>11.10.2014 Frankfurter Buchmesse &gt;<\/strong> <a title=\"Besuch Buchmesse\" href=\"https:\/\/www.goldstadt-autoren.de\/wp-content\/uploads\/2015\/01\/2014-10-11_BM-FfM.pdf\" target=\"_blank\" rel=\"noopener\">Artikel<\/a><br \/><strong>01.03.2014 Vereinsgr\u00fcndung<\/strong> <strong>&gt;<\/strong> <a title=\"Vereinsgr\u00fcndung\" href=\"https:\/\/www.goldstadt-autoren.de\/wp-content\/uploads\/2015\/01\/2014-03-01_GA-Grdg.pdf\" target=\"_blank\" rel=\"noopener\">Artikel<\/a><\/p>\n<p><em>Diese Artikel beinhalten Fotos. Falls Sie sich auf einem Bild\u00a0erkennen und nicht mit dieser Ver\u00f6ffentlichung einverstanden sind, kontaktieren Sie uns bitte.<\/em><\/p>\n<\/div><\/div>\n","protected":false},"excerpt":{"rendered":"<p>Erfahren Sie mehr \u00fcber unseren Verein. 01-12\/2025 Autorenlesungen + Signierstunden &gt; Artikel29.+30.11.2025 Weihnachtsmarkt Pforzheim\/Kunsthandwerkerh\u00fctte &gt; Artikel24.05.2025 Tag der Vereine in der Schl\u00f6ssle-Galerie, Pforzheim &gt; Artikel22.02.2025 2. Stuttgarter Buchmesse &gt; Artikel 14.11.2024 Br\u00fccken-Lesungen in der Stadtbibliothek M\u00fchlacker &gt; Artikel03.-31.08.2024 Sommeraktion Br\u00fccken-Lesungen &gt; Artikel04-12\/2024 Autorenlesungen\u00a0&gt; Artikel\u00a009.03.2024 2. Pforzheimer Vereinsmesse &gt; Artikel02.03.2024 Pr\u00e4sentationstag in Thalia-Buchhandlung anl. 10-j\u00e4hr. Jubil\u00e4um &hellip; <a href=\"https:\/\/www.goldstadt-autoren.de\/?page_id=440\" class=\"more-link\"><span class=\"screen-reader-text\">Chronik<\/span> weiterlesen <span class=\"meta-nav\">&rarr;<\/span><\/a><\/p>\n","protected":false},"author":2,"featured_media":0,"parent":0,"menu_order":55,"comment_status":"closed","ping_status":"closed","template":"","meta":{"footnotes":""},"class_list":["post-440","page","type-page","status-publish","hentry"],"_links":{"self":[{"href":"https:\/\/www.goldstadt-autoren.de\/index.php?rest_route=\/wp\/v2\/pages\/440"}],"collection":[{"href":"https:\/\/www.goldstadt-autoren.de\/index.php?rest_route=\/wp\/v2\/pages"}],"about":[{"href":"https:\/\/www.goldstadt-autoren.de\/index.php?rest_route=\/wp\/v2\/types\/page"}],"author":[{"embeddable":true,"href":"https:\/\/www.goldstadt-autoren.de\/index.php?rest_route=\/wp\/v2\/users\/2"}],"replies":[{"embeddable":true,"href":"https:\/\/www.goldstadt-autoren.de\/index.php?rest_route=%2Fwp%2Fv2%2Fcomments&post=440"}],"version-history":[{"count":99,"href":"https:\/\/www.goldstadt-autoren.de\/index.php?rest_route=\/wp\/v2\/pages\/440\/revisions"}],"predecessor-version":[{"id":4479,"href":"https:\/\/www.goldstadt-autoren.de\/index.php?rest_route=\/wp\/v2\/pages\/440\/revisions\/4479"}],"wp:attachment":[{"href":"https:\/\/www.goldstadt-autoren.de\/index.php?rest_route=%2Fwp%2Fv2%2Fmedia&parent=440"}],"curies":[{"name":"wp","href":"https:\/\/api.w.org\/{rel}","templated":true}]}}