{"id":619,"date":"2023-05-31T10:45:00","date_gmt":"2023-05-31T08:45:00","guid":{"rendered":"http:\/\/www.goldstadt-autoren.de\/?page_id=619"},"modified":"2026-04-08T13:43:34","modified_gmt":"2026-04-08T11:43:34","slug":"teodora-nikolic","status":"publish","type":"page","link":"https:\/\/www.goldstadt-autoren.de\/?page_id=619","title":{"rendered":"Teodora Nikolic"},"content":{"rendered":"<p><a href=\"https:\/\/www.goldstadt-autoren.de\/wp-content\/uploads\/2026\/04\/upscalemedia-transformed-scaled.jpeg\"><img loading=\"lazy\" decoding=\"async\" class=\"wp-image-4561 size-medium alignleft\" src=\"https:\/\/www.goldstadt-autoren.de\/wp-content\/uploads\/2026\/04\/upscalemedia-transformed-scaled-e1775648589703-210x300.jpeg\" alt=\"\" width=\"210\" height=\"300\" srcset=\"https:\/\/www.goldstadt-autoren.de\/wp-content\/uploads\/2026\/04\/upscalemedia-transformed-scaled-e1775648589703-210x300.jpeg 210w, https:\/\/www.goldstadt-autoren.de\/wp-content\/uploads\/2026\/04\/upscalemedia-transformed-scaled-e1775648589703-716x1024.jpeg 716w, https:\/\/www.goldstadt-autoren.de\/wp-content\/uploads\/2026\/04\/upscalemedia-transformed-scaled-e1775648589703-768x1098.jpeg 768w, https:\/\/www.goldstadt-autoren.de\/wp-content\/uploads\/2026\/04\/upscalemedia-transformed-scaled-e1775648589703-1074x1536.jpeg 1074w, https:\/\/www.goldstadt-autoren.de\/wp-content\/uploads\/2026\/04\/upscalemedia-transformed-scaled-e1775648589703.jpeg 1408w\" sizes=\"(max-width: 210px) 100vw, 210px\" \/><\/a>wurde 1996 in Serbien geboren und lebt seit ihrem dritten Lebensjahr in Pforzheim. Nach ihrer Ausbildung schloss sie 2026 ihr Bachelorstudium in IT-Management und Digitalisierung ab.<br \/>Ihre Begeisterung f\u00fcr Japan f\u00fchrte sie nicht nur zum Erlernen der Sprache, sondern auch zu einem besonderen Erfolg: 2019 gewann sie den japanischen Redewettbewerb in Berlin mit einer m\u00e4rchenhaften Geschichte \u00fcber japanische Gemischtwarenl\u00e4den.<br \/>2023 ver\u00f6ffentlichte sie <em>Hidden<\/em>, den ersten Band der Aysels-Chroniken Trilogie, und trat dem Goldstadt-Autoren e.V. bei, um sich mit anderen Schriftsteller:innen zu vernetzen und weiterzuentwickeln.<br \/>Ihre literarische Vielfalt zeigt sich an ihren Einreichungen f\u00fcr den Young Story Award von Story.One.<\/p>\n<p>&nbsp;<\/p>\n<h3>Ver\u00f6ffentlichungen:<\/h3>\n<p><em><strong><a href=\"https:\/\/www.goldstadt-autoren.de\/wp-content\/uploads\/2025\/06\/Cover_TN_Zwischen-Angst-und-Alltag_GA.jpg\"><img loading=\"lazy\" decoding=\"async\" class=\"alignleft size-full wp-image-4280\" src=\"https:\/\/www.goldstadt-autoren.de\/wp-content\/uploads\/2025\/06\/Cover_TN_Zwischen-Angst-und-Alltag_GA.jpg\" alt=\"\" width=\"125\" height=\"200\" \/><\/a>ZWISCHEN ANGST UND ALLTAG: LEBEN MIT EMETOPHOBIE<br \/><\/strong><\/em>Kurzgeschichtenband<\/p>\n<p>Verlag story.one publishing, 05\/2025<br \/>ISBN 978-3-7115-8602-5<br \/>Hardcover, Englisch und Deutsch, 76 Seiten, 18 EUR<\/p>\n<p><em>Ich habe einen stillen Begleiter. Tags\u00fcber bin ich ein ganz normaler Mensch. Ich lache, arbeite und funktioniere. Doch in mir tobt ein st\u00e4ndiger Kampf gegen eine Angst, die kaum jemand versteht und die mich nie ganz verl\u00e4sst: Emetophobie, die <\/em><em>l\u00e4hmende<\/em><em> Angst vor dem Erbrechen.<\/em><\/p>\n<p><strong><em><a href=\"https:\/\/www.goldstadt-autoren.de\/wp-content\/uploads\/2024\/03\/Cover_TN_Hidden1_GA.png\"><img loading=\"lazy\" decoding=\"async\" class=\"alignleft size-full wp-image-3845\" src=\"https:\/\/www.goldstadt-autoren.de\/wp-content\/uploads\/2024\/03\/Cover_TN_Hidden1_GA.png\" alt=\"\" width=\"125\" height=\"200\" \/><\/a>DIE AYSELS CHRONIKEN TEIL 1 \u2013 HIDDEN<\/em><br \/><\/strong>Fantasy-Roman<\/p>\n<p>Ersterscheinung 2023<br \/>Neuauflage bei BoD \u2013 Books on Demand, Norderstedt 2024<br \/>ISBN 978-3-7583-7031-1<br \/>Paperback, Englisch und Deutsch, 376 Seiten, 13,99 EUR<br \/>auch als E-Book<br \/><strong><br \/><\/strong><em>Amy ist anders als die anderen in ihrer Kommune. Ihr sehnlichster Wunsch ist es, frei unter den Menschen zu leben. Aus diesem Grund beschlie\u00dft sie, kurz vor ihrem 17. Geburtstag, aus der Gefangenschaft der h\u00f6chsten Spezies auf Erden, den Aysels, auszubrechen.<br \/>Doch schnell holt sie die Vergangenheit ein und sie muss einsehen, dass sie alles andere als menschlich ist.<br \/><\/em><\/p>\n<p><strong><em><a href=\"https:\/\/www.goldstadt-autoren.de\/wp-content\/uploads\/2024\/09\/DieStoryvonMrDepri_Nikolic_Cover.png\"><img loading=\"lazy\" decoding=\"async\" class=\"wp-image-4116  alignleft\" src=\"https:\/\/www.goldstadt-autoren.de\/wp-content\/uploads\/2024\/09\/DieStoryvonMrDepri_Nikolic_Cover-189x300.png\" alt=\"\" width=\"118\" height=\"187\" srcset=\"https:\/\/www.goldstadt-autoren.de\/wp-content\/uploads\/2024\/09\/DieStoryvonMrDepri_Nikolic_Cover-189x300.png 189w, https:\/\/www.goldstadt-autoren.de\/wp-content\/uploads\/2024\/09\/DieStoryvonMrDepri_Nikolic_Cover.png 391w\" sizes=\"(max-width: 118px) 100vw, 118px\" \/><\/a>DIE STORY VON MR.DEPRI<br \/><\/em><\/strong>Kurzgeschichtenband<\/p>\n<p>Verlag story.one publishing, 08\/2024<br \/>ISBN 978-3-7115-4601-2<br \/>Hardcover, Englisch und Deutsch, 76 Seiten, 18 EUR<\/p>\n<p><em>Das erste Mal lernte ich Carsten vor 5 Jahren kennen. Am Anfang fand ich, dass er ein cooler Typ war. Aber jetzt muss ich ein dummes Trauma-Tagebuch schreiben. Welcher normaler Mensch bringt eine Waffe mit ins Gesch\u00e4ft?<\/em><\/p>\n<p><strong><em><a href=\"https:\/\/www.goldstadt-autoren.de\/wp-content\/uploads\/2023\/08\/Cover_TN_Wie-KI-die-Katze-toetete_GA.png\"><img loading=\"lazy\" decoding=\"async\" class=\"alignleft size-full wp-image-3585\" src=\"https:\/\/www.goldstadt-autoren.de\/wp-content\/uploads\/2023\/08\/Cover_TN_Wie-KI-die-Katze-toetete_GA.png\" alt=\"\" width=\"124\" height=\"200\" \/><\/a>WIE KI DIE KATZE T\u00d6TETE<\/em><\/strong><br \/>Kurzgeschichtenband<\/p>\n<p>Verlag story.one publishing, 07\/2023<br \/>ISBN 978-3-7108-7249-5<br \/>Hardcover, Englisch und Deutsch, 68 Seiten, 18 EUR<\/p>\n<p><em>Der Mensch ist von Natur aus neugierig und wissbegierig. Der Gedanke und das Bestreben, das Leben zu vereinfachen, sowie der Wunsch nach Wissen waren schon immer das, was die Entwicklung vorantrieben. Neue Erkenntnisse, Forschungen und Innovationen ver\u00e4ndern das Leben auf unserem Planeten stetig weiter. In einer Zeit, in der dieser Prozess immer schneller wird, stellt sich die Frage, was passieren wird, wenn sich die Menschheit irgendwann nicht mehr anpassen kann.<br \/>In diesen Kurzgeschichten geht es um den Wandel, den die Technolo-gien mit sich bringen, und betrachtet sie von verschiedenen Zeitpunkten und Perspektiven.<br \/><\/em><\/p>\n<p><strong><em><a href=\"https:\/\/www.goldstadt-autoren.de\/wp-content\/uploads\/2024\/01\/Anthologie_Cover_VBZB_GA.jpg\"><img loading=\"lazy\" decoding=\"async\" class=\"alignleft size-full wp-image-3774\" src=\"https:\/\/www.goldstadt-autoren.de\/wp-content\/uploads\/2024\/01\/Anthologie_Cover_VBZB_GA.jpg\" alt=\"\" width=\"127\" height=\"200\" \/><\/a>Neuanfang<\/em><\/strong><br \/>Kurzgeschichte mit Handlungsort Werderbr\u00fccke<br \/>und<br \/><strong><em>Die Br\u00fccke der sch\u00f6nen Erinnerungen<\/em><\/strong><br \/>Kurzgeschichte mit Handlungsort R\u00f6mersteg<br \/>in: VON BR\u00dcCKE ZU BR\u00dcCKE (Anthologie)<\/p>\n<p>Hrsg. Goldstadt-Autoren e. V.<br \/>BoD \u2013 Books on Demand, Norderstedt 2024<br \/>ISBN 978-3-7578-8671-4<br \/>Taschenbuch, 272 Seiten, 13,50 EUR; 8,99 EUR als E-Book<\/p>\n<p><strong><em>Auf, unter und neben den Br\u00fccken Pforzheims<br \/><\/em><\/strong><em>Br\u00fccken verbinden Menschen, sind Orte von Erinnerungen, dienen als Verstecke oder werden zu Tatorten. Die Goldstadt Pforzheim nennt mehr als f\u00fcnfzig Fluss-, Stra\u00dfen- und Bahngleis\u00fcberquerungen ihr Eigen. Zweiundzwanzig dieser Br\u00fccken und Stege dienen als Inspiration f\u00fcr humorige bis nachdenkliche, fantastische bis lebensnahe Geschichten und Gedichte.<br \/>Mit ihnen feiern die Mitglieder des Goldstadt-Autoren e. V. das <strong>10-j\u00e4hrige Vereinsbestehen <\/strong>und ihre Verbundenheit mit der Stadt, die auch als \u201ePforte zum Schwarzwald\u201c bezeichnet wird.<\/em><\/p>\n<p>&nbsp;<\/p>\n<h3>Mehr Informationen:<\/h3>\n<p>E-Mail: info@teodoranikolic.de<br \/>Internet: <a href=\"http:\/\/teodoranikolic.de\" target=\"_blank\" rel=\"noopener\">teodoranikolic.de<\/a><\/p>\n\n\n<p><\/p>\n","protected":false},"excerpt":{"rendered":"<p>wurde 1996 in Serbien geboren und lebt seit ihrem dritten Lebensjahr in Pforzheim. Nach ihrer Ausbildung schloss sie 2026 ihr Bachelorstudium in IT-Management und Digitalisierung ab.Ihre Begeisterung f\u00fcr Japan f\u00fchrte sie nicht nur zum Erlernen der Sprache, sondern auch zu einem besonderen Erfolg: 2019 gewann sie den japanischen Redewettbewerb in Berlin mit einer m\u00e4rchenhaften Geschichte &hellip; <a href=\"https:\/\/www.goldstadt-autoren.de\/?page_id=619\" class=\"more-link\"><span class=\"screen-reader-text\">Teodora Nikolic<\/span> weiterlesen <span class=\"meta-nav\">&rarr;<\/span><\/a><\/p>\n","protected":false},"author":2,"featured_media":0,"parent":26,"menu_order":45,"comment_status":"closed","ping_status":"closed","template":"","meta":{"footnotes":""},"class_list":["post-619","page","type-page","status-publish","hentry"],"_links":{"self":[{"href":"https:\/\/www.goldstadt-autoren.de\/index.php?rest_route=\/wp\/v2\/pages\/619"}],"collection":[{"href":"https:\/\/www.goldstadt-autoren.de\/index.php?rest_route=\/wp\/v2\/pages"}],"about":[{"href":"https:\/\/www.goldstadt-autoren.de\/index.php?rest_route=\/wp\/v2\/types\/page"}],"author":[{"embeddable":true,"href":"https:\/\/www.goldstadt-autoren.de\/index.php?rest_route=\/wp\/v2\/users\/2"}],"replies":[{"embeddable":true,"href":"https:\/\/www.goldstadt-autoren.de\/index.php?rest_route=%2Fwp%2Fv2%2Fcomments&post=619"}],"version-history":[{"count":59,"href":"https:\/\/www.goldstadt-autoren.de\/index.php?rest_route=\/wp\/v2\/pages\/619\/revisions"}],"predecessor-version":[{"id":4562,"href":"https:\/\/www.goldstadt-autoren.de\/index.php?rest_route=\/wp\/v2\/pages\/619\/revisions\/4562"}],"up":[{"embeddable":true,"href":"https:\/\/www.goldstadt-autoren.de\/index.php?rest_route=\/wp\/v2\/pages\/26"}],"wp:attachment":[{"href":"https:\/\/www.goldstadt-autoren.de\/index.php?rest_route=%2Fwp%2Fv2%2Fmedia&parent=619"}],"curies":[{"name":"wp","href":"https:\/\/api.w.org\/{rel}","templated":true}]}}